((-2)/((-12)/6)). Let p(a) = 2*a + 1. Calculate p(b).
-15
Let n = -9151 + 9112. Let v(j) = -2*j - 76. Calculate v(n).
2
Let a(l) be the first derivative of -l**3/3 + 3*l**2 - 7*l - 910. Calculate a(6).
-7
Let z(x) = x**2 + 3*x + 5. Suppose 3*n = -3*d + 15, -25 = -3*n - 0*n - 5*d. What is z(n)?
5
Let n(i) = -i**3 + i**2 - 34. Let p = -325 + 61. Let z = 264 + p. Calculate n(z).
-34
Let x(b) = -6 - 1112*b**2 + 552*b**2 - 2*b + 554*b**2 - b**3. Suppose -11*y + 13*y - 4 = 0. Let g be 12/(-3) + y/(-1). Determine x(g).
6
Suppose 5*r = -f + r + 104, -f + 5*r = -95. Suppose -f = 9*s + s. Let p(l) = l + 17. Determine p(s).
7
Let f(l) = -l**3 - 12*l**2 - 20. Suppose -792 = 57*h + 9*h. Calculate f(h).
-20
Suppose 5*b + 489*x - 494*x + 15 = 0, -14 = 2*b - 4*x. Let a(i) = -3*i**3 - 3*i**2 + i - 1. Give a(b).
-6
Let v(l) = -4*l + 2. Suppose -45 = 3*g + s, 0*s = g + s + 17. Let k = -17 - g. Calculate v(k).
14
Suppose -r + 10 = -5*w, -3*r + 329*w = 334*w + 50. Let n(l) = 3*l + 28. Determine n(r).
-2
Let g(x) = -9 - 67*x + 79*x - 8. Let m(u) = -19*u + 25. Let h(c) = -8*g(c) - 5*m(c). Calculate h(11).
0
Let m(d) = -3*d**2 - 50*d + 99. Let a(r) = -r**2 - 17*r + 33. Let x(y) = -11*a(y) + 4*m(y). Let g be x(-15). Let s(h) = -h**3 + 3*h**2 + 4*h - 7. What is s(g)?
5
Suppose -8*o - 145 = -161. Let j(p) = 22*p - 4*p - 19*p - o - 2*p**2. Determine j(-1).
-3
Suppose 4*q + 0*o - o = 15, 3*q + 3*o = 0. Let a(i) = -2*i**2 - 3 - 2*i**2 + 13*i - 7*i + q*i**2. What is a(5)?
2
Let z(m) = -4 - 3*m**3 + 0*m**3 + 0*m**3 + m**3 + 5*m**2 + 3*m**3 + 2*m. Let w be ((-4)/6)/((-4)/6). Suppose -5*i + 3*a + w = -a, -i + 9 = -3*a. Calculate z(i).
8
Suppose -9*q + 3*j = -11*q + 24, 0 = 4*q - 4*j + 12. Let y(v) = 2*v - 3. Calculate y(q).
3
Let j(b) = -1. Let p(z) = -8*z - 11. Let y(h) = 4*j(h) - p(h). Suppose -80*g - 572 = 2*g + 61*g. Calculate y(g).
-25
Let l(b) = -b - 8. Let k be (-1919)/(-114)*(1 + 5). Let x = k + -97. Suppose -5*t - 63 = x*t. Determine l(t).
-1
Let v = -22527 - -22531. Let b(g) = 2*g**2 - g - 43. Calculate b(v).
-15
Let h(p) be the second derivative of p**4/12 - 13*p**3/3 - 5*p**2/2 + 19*p + 27. What is h(27)?
22
Let s(f) = -f**3 + 19*f**2 + 22*f - 4. Suppose 40 = 2*l - x, -3*l + 10*x = 12*x - 60. Calculate s(l).
36
Let m(b) be the third derivative of -5*b**4/12 + 2*b**3/3 - 4*b**2 + 47*b. Give m(-2).
24
Let r(u) = 3*u**3 + 3*u**2 + 2*u - 4. Let n(o) = -8*o**3 - 10*o**2 - 8*o + 13. Let v(p) = -4*n(p) - 11*r(p). Give v(7).
62
Let q(p) = 2*p**3 + p**2 - 3*p - 10. Let m(x) = x**3 - 7*x**2 - 11*x + 18. Let j(d) = m(d) - q(d). What is j(-6)?
4
Let v = 354 + -338. Let q be (-345)/60 + (-20)/v. Let b(w) = -2*w**2 - 11*w + 17. What is b(q)?
-4
Let y(i) = 2*i**2 + 33*i - 23. Let s be y(-18). Let k(b) = -8 - 2 - 16 - b + s. What is k(9)?
-4
Let x(w) be the first derivative of w**2/2 - 2*w + 79. Let z(i) = -i**3 + 14*i**2 - 11*i - 13. Let j be z(13). Suppose -7*t + j*t = -4*t. What is x(t)?
-2
Let p(s) = 14*s**2 + 10*s + 29. Let d(n) = 4 - 3 - 5*n**2 - 6 - 5 - 3*n. Let q(l) = -11*d(l) - 4*p(l). Let o(i) be the first derivative of q(i). Determine o(6).
-19
Suppose -136 = 5*f + 4*w, 5*f + 137 = -2*w - w. Let b = f + 30. Let k(d) = 10*d + 2 + 2 + b - 6*d. Determine k(-5).
-14
Let u(b) = b**2 - 6*b - 19. Suppose 0 = -320*g + 192*g + 896. Give u(g).
-12
Let w(c) = 5*c + 1. Let i(o) = o. Let f(u) = -6*i(u) + w(u). Let a(h) = -h**3 + 9*h**2 + 9*h + 10. Let y be a(10). Suppose 4 + y = x. Determine f(x).
-3
Let t(h) = -18*h**2 + h + 2. Let j be (0*2/2)/((-117)/39). Let o be ((-2)/4)/(4/8) - j. Calculate t(o).
-17
Let i(r) = -4*r + 2*r + 3*r - 2. Suppose 5*o - 31 = 49*u - 52*u, 4*o - 50 = 6*u. Give i(u).
-5
Let g(p) be the third derivative of -13*p**4/24 - p**3 + 5278*p**2. Determine g(-6).
72
Let t(h) = -25*h - 43. Let l = -432 - -430. Let b be t(l). Let j(p) = p - 7. Determine j(b).
0
Let h = -16 + 9. Let q(u) = -11*u - 18 - 3*u - 2*u**2 + 20 + u. Let r be q(h). Let n(l) = l**2 + 5*l. Give n(r).
0
Let b be (-7 - (188 + -1))*(-1)/2. Let a(h) = 4*h + 194 + h**2 - b - 95. Give a(-2).
-2
Let u(w) = 3*w**3 - 20 + 0*w**3 - 13 + 34 - 4*w. Determine u(3).
70
Suppose -4*s = -w - 22, 32*s - 27*s - 26 = 2*w. Let o(q) = q**2 - 20. Determine o(s).
16
Let m(k) = 770*k**2 - 399*k**2 - 372*k**2 + 4. Suppose -2*c - 15 = 3*c. Determine m(c).
-5
Let j(z) = 62 - 20 - 23 + 14*z - 25 - 4*z. Calculate j(4).
34
Let i(v) be the second derivative of v**7/840 + v**6/24 + 7*v**5/60 - v**4/4 - v**3 - v**2 + 60*v. Let q(d) be the second derivative of i(d). Determine q(-14).
-6
Let j be (4/18 + (-138)/135)*105/14. Let z be ((-42)/15)/(2/(-20)). Let u(k) = z*k - k**3 - 5 - 5*k**2 - 7*k - 14*k. Give u(j).
-11
Let o(g) = -g + 34. Let k(c) = -9*c**2 + 158*c - 603. Let a be k(12). Determine o(a).
37
Let j be (23 - 5) + 32/64*-18. Let s(g) = 4*g**2 + 11*g + 3. Let u(l) = -l**2 + l + 1. Let d(v) = -s(v) - 6*u(v). Determine d(j).
0
Let a(c) = c**2 + 2*c + 9. Let x(q) = 4*q**2 + 12*q + 33. Let m(t) = 5*a(t) - x(t). Determine m(0).
12
Let y(c) be the second derivative of c**5/20 - c**4 - c**3 - 7*c**2/2 - 28*c + 30. Calculate y(12).
-79
Let v be ((-3720)/(-180))/((-22)/3) + (-4)/22. Let n(k) = 0*k + 3 + 7 + 3*k. Give n(v).
1
Let y = -46 - -46. Suppose 32 + y = -8*j. Let v(s) be the third derivative of -s**4/24 + 2*s**3/3 + 5*s**2. What is v(j)?
8
Let s(f) = 43*f + 350. Suppose 36*t - 152 = 75*t - 20*t. What is s(t)?
6
Suppose -4*u = -127 + 19. Let q = u - 23. Let k(s) = -q*s**2 - s**3 + 4*s + 1 + s**2 + 0*s**2 - 5*s. What is k(-3)?
4
Let f(m) be the third derivative of m**5/30 - m**4/6 + m**3/6 - 6488*m**2. Let o be (1 - 3) + 1*14. Suppose -o = -2*i - 2*i. Determine f(i).
7
Let c(r) be the first derivative of -13*r**4/4 + r**3/3 - r**2/2 - r + 2. Let k(g) = 8*g**2 - 7*g + g**3 + 170 - g - 235. Let w be k(-8). Determine c(w).
14
Let h(g) = -3*g - g - 6*g**2 - 1695467 + 1695472. Give h(2).
-27
Let i(w) = 5*w + 16. Let m be -10 + 4 + 0 + (-6 - -8). Give i(m).
-4
Let j(c) = -26*c + 125. Let n(l) = -29. Let y(p) = j(p) + 4*n(p). Give y(4).
-95
Let i(k) be the first derivative of k**4/12 + 4*k**3/3 - k**2 - 126*k + 128. Let b(x) be the first derivative of i(x). Give b(-7).
-9
Let v(n) = -67 + 71 + 0*n - 5*n. Let t(j) = j - 1. Let o(f) = 11*t(f) + 2*v(f). Let w be o(-2). Let x(r) = -2*r + 7. Give x(w).
17
Let g(o) be the first derivative of 0*o + 1 - 1/20*o**5 + 1/360*o**6 + 0*o**2 + 5*o**3 - 1/4*o**4. Let i(t) be the third derivative of g(t). What is i(6)?
-6
Let t(h) be the first derivative of -h**2 - 78 - 2*h - 1/3*h**3. Determine t(-1).
-1
Let c(x) = -x**2 + x - 1. Suppose -4*v = -17*v - 351. Let o = -22 - v. Suppose -o = -4*g + 7. Calculate c(g).
-7
Let a be 2/(-6) - 80/(-24). Let u(j) = -12*j**a + 9*j**3 + 132*j + 2*j**2 - 133*j. Calculate u(1).
-2
Let s(l) = l**2 - 17*l - 1811. Let p be s(52). Let k(q) = -3*q**3 + 26*q**2 + 11*q - 13. Give k(p).
5
Let n(d) = 27*d**2 - 9*d + 16. Let m(k) = -33*k**2 + 8*k - 18. Let i(r) = -5*m(r) - 6*n(r). Determine i(-5).
-1
Let w(r) = -9*r + 26. Let k(b) = -19*b + 61. Let p(x) = 3*k(x) - 7*w(x). Suppose -3*y - 2 - 6 = 4*z, -4*z + 3*y + 16 = 0. What is p(z)?
7
Let h(v) = v**3 + 29*v**2 + 100*v + 1. Suppose 0 = -436*f + 487*f + 1275. Give h(f).
1
Let u be (-20)/(-110)*165/6. Let k(z) = -z**3 + 5*z**2 - 5*z + 5. What is k(u)?
-20
Let z(o) = 18 + 3*o + 5*o + 17 - 71 + 27. What is z(8)?
55
Let k(o) = 3*o**3 + 21*o**2 + 4*o + 34. Let v(h) = -h**3 + 2*h**2 + 62*h - 7. Let a be v(0). Give k(a).
6
Let u(w) = 0 + w - 3 + 4. Let p(l) = l**3 - 2*l**2 + 4*l - 14. Let x be p(4). Suppose x*m = 33*m + 3. What is u(m)?
4
Let g(h) be the second derivative of h**3/2 + h**2 + 35571*h. Let w = -15 + 9. Give g(w).
-16
Suppose 0*o = 5*o + 20. Let h(c) = c. Let l(u) = 587 - u**2 - 10*u + 0*u**2 - 585 + 0*u**2. Let y(z) = 4*h(z) + l(z). Determine y(o).
10
Let d(o) be the third derivative of 2*o**2 + 0 - 1/6*o**4 + 3*o - 2/15*o**5 - 1/3*o**3 - 1/120*o**6. Let n(l) = l - 15. Let f be n(8). Give d(f).
-23
Let j = -3 + 0. Let p(i) = -94*i**3 - 4*i**2 + 6*i + 5. Let l be p(-4). Let w(v) = 0*v**2 + v**3 + 3*v**2 + l - 5936 + v. Determine w(j).
-6
Let t be (-12)/(-12)*-1 + -1. Let r(p) = -2*p**3 + p**2 - 2*p - 2. Determine r(t).
22
Let w(v) = -v - 1. Let a(b) = 2*b. Let k(u) = 2*a(u) + 3*w(u). Suppose 162 = -2*z - 4*f + 1